at is the tens digit of p(z)?
7
Suppose -2 = -2*x + y, -21 = x + 6*y - y. Let c = 20 - x. What is the tens digit of c/2*136/(-12)*-1?
1
Let m = 378 - 376. Suppose 0 = -m*i + 4*o + 846, -5*i = 2*o - 630 - 1485. What is the tens digit of i?
2
Let f(x) = 3*x**2 - 23*x + 7. Let s be f(18). Suppose 0 = 3*m - 5*n - s, -4*m - 5*n + 757 - 27 = 0. What is the units digit of m?
5
Let i be ((-1)/(-3))/(-4*1/(-24)). Suppose -i*m - 5*h + 1270 - 80 = 0, -5*h = 4*m - 2360. What is the units digit of m?
5
Let m = 17 + -22. Let j be (m/10)/((-10)/(-4) - 3). What is the tens digit of j*196 + 45/(-9)?
9
Let s = 15664 - 2461. What is the units digit of s?
3
Suppose -5*b = 15, 2*u - b = -2*u - 13. Let l(p) = 19*p**2 - 6. What is the units digit of l(u)?
8
Suppose -5*l + 4*p + 42 = 8*p, p = -4*l + 27. Let k(d) = 5*d + 6. Let f(m) = -70*m - 85. Let h(i) = -4*f(i) - 55*k(i). What is the units digit of h(l)?
0
Suppose -2678 - 157674 = -32*q. What is the thousands digit of q?
5
Let f = -233 - -246. Let q(u) = 50*u**2 - 1. Let j be q(-1). Let m = j - f. What is the units digit of m?
6
Let y = 2243 - 838. Suppose -73 = 9*f - y. What is the units digit of f?
8
Suppose 4*d - 2*k = 15834, -5*k - 3388 = -d + 584. What is the hundreds digit of d?
9
Let m(x) = 69 + 4*x + 51 - 2*x**2 + 3*x**2. Let n(h) = -227*h + 1135. Let w be n(5). What is the units digit of m(w)?
0
Let v(q) = -2*q**2 - 26*q - 54. Let u be v(-10). What is the hundreds digit of ((-2)/((-4)/3))/(u/2972)?
7
Let w(k) = 3*k**3 - 174*k**2 - 51*k - 151. What is the tens digit of w(62)?
1
Suppose 3*x = -3*j + 6, 2*x - 4 - 3 = j. Suppose 27 = -x*u + 45. What is the hundreds digit of (339/u)/((1/(-2))/(-1))?
1
Let t = 47 - 45. Suppose 3 = t*p + 7. Let l = 11 - p. What is the units digit of l?
3
Let p(l) = -2*l + 4 + 0*l + 3*l - 5*l - 111*l**2 + 133*l**2. What is the hundreds digit of p(5)?
5
Suppose -27*k - 56*k = -20*k - 116613. What is the thousands digit of k?
1
Let f = -9971 + 11284. What is the hundreds digit of f?
3
Suppose -b - y + 571 = 0, 3*y - 410 = -b + 157. What is the units digit of b?
3
What is the thousands digit of 30/(39/123838*11)?
8
What is the units digit of (-2 + -808)/((-8)/(10688/12))?
0
Suppose 6*d - 15523 = 47530 - 3785. What is the tens digit of d?
7
Let c = -51840 + 74860. What is the ten thousands digit of c?
2
Suppose 2*a - 4*f + 3*f - 55 = 0, f + 107 = 4*a. Suppose 0 = 3*u - a + 17. Suppose -u*q = -q - 312. What is the hundreds digit of q?
1
Let y = 4632 + -2942. What is the hundreds digit of y?
6
Let f(t) = -2*t**2 - 2*t + 10. Let l be f(3). Let n be l/(-6) - 3*6/54. Suppose -n*a + 3*a = 76. What is the tens digit of a?
7
Let o(q) be the first derivative of 19*q**3/3 - 29*q**2/2 + 17*q - 11. What is the tens digit of o(5)?
4
Let p = 65 - 38. Suppose -v + 5*v = x - 5, 2*x + 4*v = 10. Suppose -4*z + 5*i + 262 = -p, i - 354 = -x*z. What is the tens digit of z?
7
Suppose 441*l = 424*l + 307156. What is the units digit of l?
8
Let d(y) = 45*y + 16. Let m = -204 + 113. Let i = m - -95. What is the units digit of d(i)?
6
Suppose 5*i = -15, j - 3 = 2*j - i. Suppose 5*s - 70 = 265. Let m = j + s. What is the tens digit of m?
6
Let h(k) = 9*k - 5. Suppose -6*j + 14 + 10 = 0. Let m be h(j). Let i = 114 - m. What is the units digit of i?
3
Let k(p) = 6*p + 31. Let w = -235 - -237. What is the tens digit of k(w)?
4
Let h = -1 + -2. Let w be 0/(-1)*(-4 - h) + 0. Suppose 5*s + 1110 = 5*i, 5*i + w*s - 1095 = 2*s. What is the units digit of i?
7
Let q = 93 + -89. Suppose 5*l + q*g - 648 = -70, -4*l + 481 = -3*g. What is the hundreds digit of l?
1
Suppose o + 0*o - 3 = 0. Suppose 0 = 5*g - 20, o*i - g - 2403 + 709 = 0. What is the tens digit of 9/(-18) - i/(-4)?
4
Let t(p) = p**2 + 25*p - 32. Let r be t(11). Let l(i) = -3*i**2 - 6*i - 4. Let h be l(7). Let m = h + r. What is the units digit of m?
1
Let o(r) = 14*r**2 - 10*r + 1275. What is the units digit of o(23)?
1
Suppose -4*y = -4*h + 720, -13 = -2*h - 2*y + 335. Let l = 121 + h. What is the units digit of l?
8
Let v(m) be the first derivative of 10*m**2 - 4*m - 7. Let y be v(-7). Let a = -97 - y. What is the tens digit of a?
4
Let v(y) = 12*y**2 - 23*y - 78. What is the thousands digit of v(-16)?
3
Suppose 0 = 73*t - 49360 - 102334. What is the units digit of t?
8
Suppose -111*d + 108*d = -6. Let f(x) = 68*x**2 + 2*x - 5. What is the units digit of f(d)?
1
Let i = 2650 - 773. What is the thousands digit of i?
1
Let n = 643 + -336. Let l = 732 - n. What is the hundreds digit of l?
4
Suppose -53*u + 11751976 = 18*u + 177*u. What is the thousands digit of u?
7
Let d(y) = -1864*y + 84. What is the units digit of d(-3)?
6
Let j(i) = i - 31. Let l be j(17). Let d(f) = -f**3 - 13*f**2 - 6*f - 11. What is the tens digit of d(l)?
6
Let s be (-66)/(-8)*42 + (-2)/(-4). Let h = -254 + s. What is the units digit of h?
3
Let x(a) be the first derivative of a**5/8 + 11*a**4/24 + 13*a**3/3 + 31. Let h(y) be the third derivative of x(y). What is the hundreds digit of h(8)?
1
Let u = 44812 - 22137. What is the hundreds digit of u?
6
Let t(s) = 298*s - 114. Let v be t(7). Suppose 0 = -4*c + 4*f + v, 1001 = 4*c - 2*c + 3*f. What is the tens digit of c?
9
Suppose -141 + 5433 = 9*z. Suppose -1922 = -z*m + 586*m. What is the units digit of m?
1
Suppose -3*x + 14 = i - 6*x, 4*i - x - 12 = 0. Suppose i*c - 4 = 0, -2222 = -3*w - 4*c - 366. What is the tens digit of w?
1
Suppose 19*n = -29 + 105. Suppose n*k - 4*h - 2 = 3*k, -16 = -k - 3*h. What is the units digit of k?
0
Suppose -64 = -4*j + 376. Suppose 0 = -10*x - j - 140. What is the tens digit of (x/50)/((-2)/124)?
3
Suppose 0 = 16*z - 13*z - 30045. Suppose -2067 = -14*t + z. What is the tens digit of t?
6
Suppose 662 = -9*y + 11*y. Let v = -228 + y. What is the tens digit of v?
0
Let x be ((-5)/4)/(10/80). Let f be (-1 + 2)/((-1)/x*5). Suppose -110 = -f*v + 32. What is the units digit of v?
1
Let c(d) be the first derivative of -d**3/3 - d**2/2 + 1100*d - 48. What is the tens digit of c(0)?
0
Let i(b) = -2835*b + 71. What is the tens digit of i(-1)?
0
Let g = -113 - -118. Suppose 362 = r + g*z, -z - 1065 - 341 = -4*r. What is the units digit of r?
2
Suppose -574 = 3*i - 5*w, 137 = -i + 5*w - 61. Let o = -111 - i. Let k = o - -35. What is the tens digit of k?
1
Let k(q) = 161*q - 26. Let w be k(13). Suppose -5*i + n = -w, -1644 = -4*i - 3*n - n. What is the units digit of i?
3
Suppose 7*c + 127315 = -7778. What is the tens digit of 5/(45/2) - c/27?
1
Suppose 30*k + 28971 = 1167291. What is the hundreds digit of k?
9
Let k be (((-2836)/8)/1)/((-13)/(-26)). Let w = k - -2274. What is the thousands digit of w?
1
Suppose -1450*h + 1448*h + 11718 = 0. What is the hundreds digit of h?
8
Suppose 7*a = -0*a. Suppose 3*c - 2*f - 14 = -f, 0 = 3*c + f - 22. Let y = c - a. What is the units digit of y?
6
Let k(q) be the third derivative of 0 + 1/15*q**5 + 0*q + 4/3*q**3 - 5/12*q**4 - 27*q**2. What is the tens digit of k(7)?
3
Let p = 11623 + -6940. What is the hundreds digit of p?
6
Let x(k) = -k**3 - 5*k**2 + 3*k + 8. Let p be x(-5). Let i(r) = -r**2 - 16*r - 40. What is the units digit of i(p)?
3
Let m(q) = -3*q - 60. Let l(k) = k**3 - 9*k**2 + 3*k + 19. Let d be l(8). Let w be m(d). Suppose -8*t + 690 = -w*t. What is the hundreds digit of t?
1
Let i be -6 + 7 - (-2)/2*-1. Let t(q) = -4*q**3 - 2*q**2 - q + 95. What is the tens digit of t(i)?
9
Let q(w) = -4*w + 23. Let m(z) = -1. Let j(p) = p**2 + 8*p + 10. Let f be j(-3). Let a(d) = f*m(d) - q(d). What is the units digit of a(5)?
2
What is the hundreds digit of 106 + -114 + 5*1135?
6
Let g = 17036 + -10597. What is the thousands digit of g?
6
Let f = -24 - -69. Let x = f - 71. What is the tens digit of (4 + x/6)/(3/(-999))?
1
Suppose -15*d + 19*d = -12. Let v(k) = k**3 - k**2 + 1. Let w be v(0). What is the tens digit of (w/(-2))/(d/288)?
4
Let f be (-2)/(-4)*(4 - 20/5). What is the tens digit of ((-135)/(-180))/((-2)/(-416) - f)?
5
Let x = 20 - 22. What is the tens digit of 5415/45*(0/x + 3)?
6
Suppose 4*q = 0, -4*a - 5*q = -2*q + 12. What is the tens digit of (-5)/(100/96)*200/a?
2
Suppose -2*x + 0*x - 9 = -3*d, 5*x = 5*d - 15. Let t(g) = 24*g**3 + 5*g**2 - 10. What is the tens digit of t(d)?
8
Suppose -32*v + 4924 + 20580 = 0. Suppose 6*p - v = -4*f + p, -2*p = -f + 196. Wh